 base 7?
-204552
129 (base 13) to base 16
cc
Convert 13535 (base 6) to base 9.
2845
Convert 16533 (base 10) to base 9.
24610
-811 (base 9) to base 8
-1222
Convert 2ec (base 15) to base 12.
480
What is 121142 (base 6) in base 4?
2212112
What is -1bd3 (base 14) in base 11?
-3903
Convert -f3 (base 16) to base 10.
-243
14310 (base 7) to base 10
3927
What is 1bde (base 16) in base 15?
21a9
4dd8 (base 14) to base 5
414324
-1030 (base 12) to base 16
-6e4
Convert 8799 (base 12) to base 16.
3a65
What is 5311 (base 16) in base 14?
7a6d
What is 9030 (base 16) in base 8?
110060
-4cb (base 13) to base 12
-5a3
-15543 (base 9) to base 4
-2212122
Convert -144230 (base 5) to base 14.
-2382
Convert 112200001 (base 3) to base 5.
320233
What is -42052 (base 8) in base 4?
-10100222
2444222 (base 5) to base 7
253323
What is -196e (base 15) in base 7?
-22022
What is 107 (base 9) in base 4?
1120
Convert -5021 (base 6) to base 8.
-2105
What is 102240 (base 5) in base 15?
104a
Convert -14b (base 13) to base 11.
-1a1
Convert 1110010111 (base 2) to base 4.
32113
Convert -2a6 (base 11) to base 13.
-217
Convert 1595 (base 16) to base 11.
4173
What is -176 (base 13) in base 12?
-1a2
622 (base 11) to base 13
459
Convert -d4 (base 16) to base 8.
-324
What is -e6c (base 15) in base 6?
-23020
Convert 100000111 (base 2) to base 12.
19b
What is 2100111 (base 3) in base 16?
6b2
-643 (base 7) to base 3
-110001
What is -61040 (base 7) in base 5?
-433102
102340 (base 7) to base 6
213444
Convert -10020002 (base 3) to base 6.
-14515
Convert 4436 (base 7) to base 10.
1595
What is -1096 (base 10) in base 13?
-664
-1520 (base 6) to base 12
-2a0
-1233 (base 5) to base 7
-364
What is -7583 (base 9) in base 5?
-134313
What is 3559 (base 11) in base 13?
2178
Convert -3024 (base 6) to base 13.
-3c1
-233 (base 13) to base 8
-574
What is 22200 (base 3) in base 15?
109
-5313 (base 8) to base 13
-1347
What is -12401 (base 5) in base 2?
-1111010000
What is 6606 (base 10) in base 16?
19ce
What is -11220 (base 5) in base 11?
-677
What is 11110 (base 4) in base 9?
417
Convert -1399 (base 13) to base 12.
-177a
What is -228 (base 16) in base 7?
-1416
Convert -7a3 (base 16) to base 7.
-5462
Convert 1010101101110001 (base 2) to base 8.
125561
What is 1501 (base 6) in base 10?
397
Convert -1ab6b (base 12) to base 14.
-10667
Convert 35150 (base 6) to base 7.
20451
-51002 (base 9) to base 13
-12359
What is -136 (base 15) in base 3?
-101020
Convert 1133 (base 7) to base 16.
1a0
Convert -20 (base 9) to base 12.
-16
What is -413003 (base 6) in base 11?
-22917
Convert -204c (base 16) to base 10.
-8268
7009 (base 10) to base 5
211014
What is -2281 (base 10) in base 13?
-1066
What is -2471 (base 15) in base 4?
-1321030
What is -222002001 (base 3) in base 11?
-13311
What is 1096 (base 13) in base 14?
bba
18da (base 14) to base 7
16063
Convert 34140 (base 6) to base 7.
20013
-5056 (base 7) to base 3
-2102001
What is 807 (base 14) in base 4?
120213
What is 33444 (base 7) in base 2?
10000100001100
303 (base 5) to base 2
1001110
What is d2 (base 15) in base 5?
1242
What is -133667 (base 8) in base 14?
-131d5
What is -2012 (base 5) in base 15?
-122
Convert -12231 (base 5) to base 2.
-1110101101
What is 2119 (base 10) in base 3?
2220111
Convert -649 (base 15) to base 3.
-1221120
Convert 11401 (base 10) to base 11.
8625
What is 9eb (base 16) in base 4?
213223
Convert 657 (base 9) to base 16.
21a
What is -b4 (base 13) in base 3?
-12110
104120 (base 5) to base 8
7114
10101010 (base 2) to base 13
101
Convert -6209 (base 10) to base 16.
-1841
What is -822 (base 16) in base 6?
-13350
What is 14516 (base 8) in base 16?
194e
44001 (base 7) to base 9
16046
Convert -101122120 (base 3) to base 12.
-45b0
Convert -6120 (base 8) to base 11.
-2406
-27a3 (base 13) to base 10
-5710
What is 11154 (base 6) in base 8?
3056
157 (base 9) to base 14
97
What is -5115 (base 9) in base 7?
-13622
-33654 (base 10) to base 12
-17586
What is 4508 (base 14) in base 8?
27274
10111110111 (base 2) to base 6
11023
What is 43051 (base 6) in base 9?
8034
-707 (base 9) to base 12
-3ba
Convert -110111110001 (base 2) to base 14.
-142d
b91 (base 12) to base 10
1693
What is -135120 (base 6) in base 10?
-12792
What is a15a (base 11) in base 8?
32270
Convert 8804 (base 16) to base 8.
104004
21520 (base 7) to base 6
41004
What is -2032333 (base 4) in base 5?
-243101
Convert 200002 (base 3) to base 9.
602
-2720 (base 9) to base 8
-3773
What is 100662 (base 7) in base 3?
212112000
12010 (base 3) to base 9
163
1010001100 (base 2) to base 15
2d7
Convert 1215 (base 7) to base 3.
121210
What is -ce (base 15) in base 7?
-365
Convert 1652 (base 9) to base 16.
4ee
c05 (base 15) to base 2
101010010001
2333 (base 7) to base 12
5b5
Convert 32342 (base 5) to base 7.
6323
Convert 110111000 (base 2) to base 13.
27b
Convert 50612 (base 7) to base 14.
46b2
What is 415 (base 10) in base 4?
12133
What is -1035 (base 13) in base 8?
-4301
What is -d3 (base 16) in base 3?
-21211
Convert 30639 (base 10) to base 5.
1440024
What is 28673 (base 10) in base 16?
7001
Convert b2 (base 14) to base 10.
156
-eb (base 16) to base 7
-454
What is 19513 (base 12) in base 7?
212640
What is -66 (base 16) in base 15?
-6c
1313322 (base 4) to base 6
55310
Convert -1202002 (base 3) to base 14.
-66b
What is -1213 (base 9) in base 4?
-32013
-bb1 (base 14) to base 8
-4407
Convert 821 (base 15) to base 4.
130213
537 (base 15) to base 10
1177
Convert -5035 (base 9) to base 7.
-13502
What is -a059 (base 12) in base 3?
-212210120
14802 (base 10) to base 5
433202
-387 (base 10) to base 5
-3022
-1001121 (base 3) to base 10
-772
Convert -6138 (base 10) to base 6.
-44230
Convert 19c7 (base 15) to base 13.
270a
What is 2963 (base 14) in base 5?
213324
Convert -a81a (base 13) to base 12.
-11615
-4ac (base 15) to base 6
-4530
What is -255 (base 13) in base 14?
-212
998 (base 12) to base 8
2604
What is -1000010100111100 (base 2) in base 13?
-126a9
2021 (base 4) to base 3
12002
Convert 1236 (base 9) to base 14.
4a0
What is -191 (base 16) in base 8?
-621
What is 6064 (base 7) in base 5?
31404
1246 (base 14) to base 5
100243
Convert -3234 (base 9) to base 6.
-15004
-1111220 (base 3) to base 16
-450
What is -1d7 (base 16) in base 8?
-727
Convert c67 (base 14) to base 13.
115c
104 (base 11) to base 9
148
What is -a7f (base 16) in base 6?
-20235
What is -440330 (base 5) in base 6?
-153510
Convert 511 (base 9) to base 8.
637
d4e (base 15) to base 3
11010002
Convert 1210020 (base 4) to base 16.
1908
What is -143124 (base 8) in base 16?
-c654
What is a099 (base 14) in base 5?
1340300
110000000011010 (base 2) to base 15
7452
What is 50224 (base 6) in base 13?
2cb3
What is 103054 (base 6) in base 12?
4a8a
b6 (base 14) to base 9
187
What is 905 (base 13) in base 15?
6bb
241330 (base 5) to base 16
2305
2350 (base 6) to base 11
479
Convert -222 (base 15) to base 7.
-1256
What is 140 (base 10) in base 12?
b8
-72 (base 9) to base 4
-1001
What is 76cc (base 15) in base 9?
37463
Convert -111010000010101 (base 2) to base 7.
-152432
What is be1 (base 16) in base 14?
1173
46444 (base 7) to base 2
10111001110010
239 (base 12) to base 5
2313
Convert 51 (base 9) to base 3.
1201
Convert -1237 (base 16) to base 12.
-2847
Convert -3231 (base 6) to base 10.
-739
What is 2559 (base 12) in base 15?
13d0
What is 452 (base 11) in base 5?
4131
What is 2144 (base 12) in base 2?
111001000100
Convert 1311 (base 8) to base 16.
2c9
What is -242340 (base 6) in base 11?
-15004
What is -11303 (base 10) in base 12?
-665b
1788 (base 9) to base 8
2540
-129 (base 16) to base 12
-209
-21 (base 9) to base 16
-13
-1111111100 (base 2) to base 11
-848
Convert 1214 (base 7) to base 5.
3302
-120312 (base 4) to base 13
-954
22113200 (base 4) to base 14
11692
What is -772 (base 10) in base 11?
-642
Convert -3220 (base 6) to base 15.
-33c
Convert -317 (base 9) to base 16.
-103
Convert c5 (base 13) to base 9.
188
What is -710 (base 10) in base 15?
-325
What is 141 (base 5) in base 7?
64
What is 1221002000 (base 3) in base 2?
1001010001001010
What is -1866 (base 10) in base 16?
-74a
Convert 103211 (base 4) to base 5.
20003
What is 3012 (base 6) in base 14?
34c
3234 (base 6) to base 13
451
What is -386 (base 13) in base 7?
-1541
Convert -1445 (base 14) to base 15.
-10e4
36